common divisor of 5 and r?
5
Let c = -15 - -9. Suppose 2*w - 15 = 7*w. Let o = w - c. Calculate the greatest common divisor of o and 3.
3
Let z = -66 + 18. Let m be (z/15)/(-1)*5. Let w be (-5)/25 - 42/(-10). What is the highest common divisor of m and w?
4
Let m = -4 - -1. Let u = 17 - m. Suppose -8*w + 1329 = -431. Calculate the highest common divisor of u and w.
20
Let s be (-7)/(-3) + 3/(-9). Let o(g) = 9*g**2 + 2*g + 1. Let m be o(-1). What is the greatest common divisor of m and s?
2
Suppose 25*a = 28*a - 96. What is the highest common factor of 128 and a?
32
Suppose -3*m + 5 = -5*v - 8*m, 11 = 5*v - 3*m. Let o be 2 - (-2 + 4) - -1. Calculate the highest common divisor of o and v.
1
Suppose 0 = 4*s - 5*p - 132, 4*s - 83 = 2*p + 49. Calculate the highest common divisor of s and 11.
11
Suppose -398 = -5*p + 207. What is the highest common divisor of p and 11?
11
Suppose -3*r - 447 - 36 = -2*t, -2*t - r = -471. Let i be 2/(-7) - t/(-21). Calculate the greatest common factor of i and 55.
11
Let h = -2 + -5. Let f = 2 + h. Let t = 5 - f. What is the highest common divisor of t and 10?
10
Suppose -3*t + 64 - 479 = -4*n, -t + 395 = 4*n. Suppose 0 = -r - y + 10, 5*r + 4*y - 77 = -27. Calculate the highest common factor of n and r.
10
Let y(l) = -47*l - 2. Let g be y(-1). What is the greatest common factor of g and 18?
9
Let n be (18/4)/((-11)/(-66)). Calculate the highest common divisor of 3 and n.
3
Let z = 69 + 1. Let m(h) be the first derivative of 2*h**3/3 - 4*h**2 + 4*h + 1. Let x be m(6). What is the highest common factor of z and x?
14
Let y be ((-242)/(-6))/(1/12). Suppose -5*m - 2*r = 4 - 496, 5*m + 4*r - y = 0. What is the greatest common divisor of m and 40?
20
Let c(g) = 4*g**2 + 10*g - 9. Let f be c(-9). What is the greatest common factor of 25 and f?
25
Let s(h) = -7*h - 5. Let o be s(-4). Calculate the greatest common divisor of o and 115.
23
Let w(d) = -5*d - 1. Let g be w(-3). Suppose b - 5*i - 9 - g = 0, -4*i + 50 = 3*b. What is the highest common divisor of 27 and b?
9
Suppose 3*o - 2*o - z = 2, -3*o - z + 6 = 0. Let j be 38/10 - (-4)/20. Suppose 0 = -o*h, -5*n - h = -j*n - 6. Calculate the highest common divisor of 3 and n.
3
Let n(h) = h**3 + h - 4. Let s be n(3). Let q be s + (-2)/(-4)*2. Calculate the highest common divisor of q and 54.
27
Suppose 3*a - 6 = -0. Let q be 8/20*(25 - 0). Calculate the highest common factor of q and a.
2
Let v = 3 + -24. Let n be (1 - 35)*v/6. What is the greatest common factor of n and 17?
17
Let z(q) = 2*q**2 - 4*q - 16. Let x be z(5). What is the greatest common factor of 182 and x?
14
Suppose -36 = -2*f - 4. Suppose 5*j - 7 = -4*q + 19, 4*q - 20 = -2*j. Calculate the highest common factor of q and f.
4
Let v be ((-1056)/(-60))/(1/5). What is the highest common divisor of 22 and v?
22
Let b(z) = -z**3 - z**2 + 2. Let q be b(0). Suppose 5*a + 86 = 3*g + 3*a, -a = q*g - 69. What is the greatest common factor of g and 8?
8
Let x be (66/(-15))/((-4)/10). Calculate the greatest common factor of x and 22.
11
Let x(a) = 2*a - 1. Let g be x(4). What is the highest common factor of g and 28?
7
Let w = -7 - -7. Let d be (51 + -3 + w)*3. Calculate the highest common factor of 18 and d.
18
Suppose -3*h = -5*m - 1, -m = 5*h - 17 + 6. Let n = 3 - m. Suppose 0 = 2*q + n*q - 8. Calculate the greatest common divisor of 8 and q.
2
Let g(u) = -u**3 - 7*u**2 - 2*u + 13. Let k be g(-7). Let j(r) = 99*r. Let f be j(3). Calculate the highest common factor of f and k.
27
Let t be ((-60)/(-25))/((-2)/(-30)). What is the greatest common factor of t and 12?
12
Let q = -17 + 19. Calculate the highest common factor of q and 1.
1
Let n(u) be the second derivative of -u**3/6 + 18*u**2 + u. Let m be n(0). Let l be -1*9*24/(-18). What is the greatest common divisor of m and l?
12
Let g(h) = -h - 4. Let q be g(-7). Let c be (-9)/q + (-2 - -41). Calculate the highest common divisor of 9 and c.
9
Let a be (66/9)/((-2)/(-6)). Suppose -2*u - 5 = -49. Calculate the highest common divisor of u and a.
22
Let z be (17/(255/126))/((-4)/(-50)). Calculate the highest common divisor of 15 and z.
15
Let h = -36 - -61. Suppose 4*a - 3*a = h. Let r be (-2 - -7)/((-1)/(-1)). What is the greatest common factor of r and a?
5
Let c(p) = -2*p**3 - 6*p**2 - 7*p - 10. Let q be c(-4). Suppose 3*z = 5 + 25. What is the greatest common divisor of q and z?
10
Let d(s) = 4*s**2 - 8*s + 2. Let z be d(2). Let b = 14 - 8. Calculate the greatest common factor of z and b.
2
Suppose -d + 32 = 2. Let o = -6 + d. What is the highest common divisor of o and 36?
12
Let m(x) = -2*x**3 - 15*x**2 - x - 7. Let o be m(-8). What is the greatest common factor of 13 and o?
13
Let t be 2 - (-68 - -2 - 2). Let p be 1 + -1 + 9 + 1. Calculate the highest common factor of t and p.
10
Let l(u) = -18*u + 7. Let w be l(-5). Let n = w - 67. Suppose 4*c = 2*x - x - 7, -58 = -4*x + c. What is the greatest common factor of x and n?
15
Let u = 143 - 120. Calculate the highest common factor of 92 and u.
23
Suppose 176 = -6*r + 10*r. Calculate the greatest common divisor of r and 4.
4
Let h be (-4)/22 + 664/22 + 0. What is the highest common factor of h and 75?
15
Let i(v) = v**3 - v**2 + 2*v + 24. Let c be i(0). What is the highest common factor of 16 and c?
8
Let d(k) = -k**3 + 6*k**2 + 23*k + 8. Let t be d(8). What is the highest common divisor of t and 8?
8
Suppose -96 = 4*q - 16*q. What is the highest common factor of 32 and q?
8
Suppose -5 = -3*k + 34. What is the greatest common divisor of k and 13?
13
Suppose -29 = -4*i + 23. Calculate the greatest common factor of 52 and i.
13
Let c be ((-12)/30)/((-2)/120). Calculate the highest common factor of 216 and c.
24
Suppose 0 = -3*b + 27 + 24. Suppose 4*i - 3 - b = 0. Suppose -2*o = -i*o + 57. Calculate the highest common factor of 76 and o.
19
Suppose i + 11 = 6. Let f = i + 9. Calculate the highest common factor of f and 16.
4
Let i(g) = g**2 + 3*g + 2. Let d be i(-3). Suppose -4*f + 4*a = 0, f + 0*a = -d*a + 3. Let p be 75/6 + f/(-2). What is the greatest common factor of 12 and p?
12
Let s(a) = a**2 - 10*a + 10. Let f be s(10). Calculate the greatest common factor of f and 20.
10
Suppose -t + 4*m + 0 + 2 = 0, 6 = t - 2*m. Calculate the greatest common divisor of t and 10.
10
Suppose -4*u = 5*l - 2*l - 4, 5 = -4*l + 5*u. Suppose -h - 4*x + 11 = l, 69 = 3*h + x + 2*x. Calculate the greatest common factor of h and 3.
3
Let q = 7 + -7. Suppose q = -2*n - o + 67, -5*n + n + 129 = 3*o. What is the highest common divisor of n and 24?
12
Let n be 5 - (-1 + -14 - -5). Calculate the highest common divisor of n and 35.
5
Let b = -264 - -495. Calculate the greatest common factor of b and 33.
33
Suppose n + 2*n = 0, 0 = -2*d + n + 12. Suppose -2*q + 24 = 3*o + 2*q, -5*o - 4*q + 32 = 0. Calculate the greatest common divisor of o and d.
2
Let u = -9 - -100. Calculate the greatest common divisor of 13 and u.
13
Let i(z) = z + 7. Let b be i(6). Suppose -203 = -16*g + 421. Calculate the greatest common divisor of g and b.
13
Let s(z) = -4*z - 24. Let m be s(-9). What is the greatest common factor of 9 and m?
3
Suppose 2*v - 129 = -b, 0 = 3*v - 0*b - 3*b - 180. Let f be -1 + (3 - 0) + -2. Suppose 42 = p - f*p. Calculate the highest common factor of v and p.
21
Let v = 12 + -9. Suppose -6 = -0*d - 3*d. Suppose g + v = d*g. What is the highest common factor of 3 and g?
3
Let h = -76 - -85. Calculate the highest common factor of h and 9.
9
Let g = 2 + 1. Suppose -5*n = 7 - 67. What is the greatest common divisor of n and g?
3
Let d = -14 + 21. What is the highest common factor of d and 77?
7
Let h be 6/(-39) + (-1410)/(-39). What is the highest common factor of 54 and h?
18
Let o be (2/(-4))/(2/(-4)). Let u(t) = 0 + 9*t - 2 + 0*t - t - t**2. Let v be u(7). Calculate the highest common factor of v and o.
1
Let p(n) = 5*n + 30. Let m be p(-4). Calculate the highest common divisor of 50 and m.
10
Suppose -a + 4 = -0*a. Suppose 3*x - 455 = -2*x + a*f, -3*f = -3*x + 273. What is the highest common divisor of 13 and x?
13
Let v = 48 + -36. What is the greatest common factor of 84 and v?
12
Suppose 0*a = 5*a - 60. Calculate the greatest common factor of a and 6.
6
Let k be 0 + 65 + 4/(-2). What is the greatest common factor of 9 and k?
9
Suppose -12